{"id":47,"date":"2026-02-27T14:56:56","date_gmt":"2026-02-27T14:56:56","guid":{"rendered":"https:\/\/mystifying-volhard.87-118-120-113.plesk.page\/?page_id=47"},"modified":"2026-03-08T16:38:50","modified_gmt":"2026-03-08T16:38:50","slug":"impressum","status":"publish","type":"page","link":"https:\/\/mystifying-volhard.87-118-120-113.plesk.page\/?page_id=47","title":{"rendered":"impressum"},"content":{"rendered":"\n<div class=\"wp-block-group alignwide has-global-padding is-layout-constrained wp-block-group-is-layout-constrained\">\n<div class=\"wp-block-columns alignwide is-layout-flex wp-container-core-columns-is-layout-28f84493 wp-block-columns-is-layout-flex\">\n<div class=\"wp-block-column is-layout-flow wp-block-column-is-layout-flow\">\n<h2 class=\"wp-block-heading\">Impressum<\/h2>\n\n\n\n<p>Dr. med. Susanne Dennig<br>Natalie Rellecke<\/p>\n\n\n\n<p>Gemeinschaftspraxis Wedel<br>Rosengarten 3<br>22880 Wedel<\/p>\n\n\n\n<p>Tel.: 04103 \/ 86668<br>Fax: 04103 \/ 3607<br>E-Mail: info@gemeinschaftspraxis-wedel.de<\/p>\n\n\n\n<p><strong>Inhaltlich verantwortlich gem\u00e4\u00df \u00a7 18 Abs. 2 MStV:<\/strong><br>Susanne Dennig und Natalie Rellecke<br><\/p>\n\n\n\n<p><strong>Zust\u00e4ndige Aufsichtsbeh\u00f6rden:<\/strong><br>Kassen\u00e4rztliche Vereinigung Schleswig-Holstein<br>Bismarckallee 1-6<br>23795 Bad Segeberg<br>Tel.: 04551 883883<br><a href=\"http:\/\/www.kvsh.de\" target=\"_blank\" rel=\"noreferrer noopener\">www.kvsh.de<\/a><\/p>\n\n\n\n<p><strong>Zust\u00e4ndige Kammer:<\/strong><br>\u00c4rztekammer Schleswig-Holstein<br>Bismarckallee 8-12<br>23795 Bad Segeberg<br>Tel.: 04551 8030<br><a href=\"https:\/\/www.aeksh.de\" target=\"_blank\" rel=\"noreferrer noopener\">www.aeksh.de<\/a><\/p>\n\n\n\n<p><strong>Berufsbezeichnung<\/strong><br>Arzt (verliehen in der Bundesrepublik Deutschland)<\/p>\n\n\n\n<p><strong>Berufsrechtliche Regelungen<\/strong><br>Berufsordnung der \u00c4rztekammer Schleswig-Holstein<\/p>\n\n\n\n<p><strong>Zust\u00e4ndige Kassen\u00e4rztliche Vereinigung:<\/strong><br>KV&nbsp;<\/p>\n\n\n\n<p><strong>Haftungshinweis<\/strong><br>Wir sind f\u00fcr eigene Inhalte nach den allgemeinen Gesetzen verantwortlich. F\u00fcr fremde Inhalte gelten die Haftungsprivilegien des DDG\/DSA. Bei Kenntnis von Rechtsverletzungen entfernen wir betroffene Inhalte\/Links unverz\u00fcglich.<\/p>\n\n\n\n<p><strong>Hinweis nach \u00a7 36 VSBG<\/strong><br>Wir sind weder verpflichtet noch bereit, an Streitbeilegungsverfahren vor einer Verbraucherschlichtungsstelle teilzunehmen.<\/p>\n\n\n\n<p><strong>Urheberrecht<\/strong><br>Die auf dieser Website ver\u00f6ffentlichten Inhalte unterliegen dem deutschen Urheberrecht. Jede Verwertung au\u00dferhalb der Grenzen des Urheberrechts bedarf der vorherigen schriftlichen Zustimmung des jeweiligen Rechteinhabers.<\/p>\n<\/div>\n<\/div>\n<\/div>\n","protected":false},"excerpt":{"rendered":"<p>Impressum Dr. med. Susanne DennigNatalie Rellecke Gemeinschaftspraxis WedelRosengarten 322880 Wedel Tel.: 04103 \/ 86668Fax: 04103 \/ 3607E-Mail: info@gemeinschaftspraxis-wedel.de Inhaltlich verantwortlich gem\u00e4\u00df \u00a7 18 Abs. 2 MStV:Susanne Dennig und Natalie Rellecke Zust\u00e4ndige Aufsichtsbeh\u00f6rden:Kassen\u00e4rztliche Vereinigung Schleswig-HolsteinBismarckallee 1-623795 Bad SegebergTel.: 04551 883883www.kvsh.de Zust\u00e4ndige Kammer:\u00c4rztekammer Schleswig-HolsteinBismarckallee 8-1223795 Bad SegebergTel.: 04551 8030www.aeksh.de BerufsbezeichnungArzt (verliehen in der Bundesrepublik Deutschland) Berufsrechtliche RegelungenBerufsordnung [&hellip;]<\/p>\n","protected":false},"author":1,"featured_media":0,"parent":0,"menu_order":0,"comment_status":"closed","ping_status":"closed","template":"","meta":{"footnotes":""},"class_list":["post-47","page","type-page","status-publish","hentry"],"_links":{"self":[{"href":"https:\/\/mystifying-volhard.87-118-120-113.plesk.page\/index.php?rest_route=\/wp\/v2\/pages\/47","targetHints":{"allow":["GET"]}}],"collection":[{"href":"https:\/\/mystifying-volhard.87-118-120-113.plesk.page\/index.php?rest_route=\/wp\/v2\/pages"}],"about":[{"href":"https:\/\/mystifying-volhard.87-118-120-113.plesk.page\/index.php?rest_route=\/wp\/v2\/types\/page"}],"author":[{"embeddable":true,"href":"https:\/\/mystifying-volhard.87-118-120-113.plesk.page\/index.php?rest_route=\/wp\/v2\/users\/1"}],"replies":[{"embeddable":true,"href":"https:\/\/mystifying-volhard.87-118-120-113.plesk.page\/index.php?rest_route=%2Fwp%2Fv2%2Fcomments&post=47"}],"version-history":[{"count":6,"href":"https:\/\/mystifying-volhard.87-118-120-113.plesk.page\/index.php?rest_route=\/wp\/v2\/pages\/47\/revisions"}],"predecessor-version":[{"id":392,"href":"https:\/\/mystifying-volhard.87-118-120-113.plesk.page\/index.php?rest_route=\/wp\/v2\/pages\/47\/revisions\/392"}],"wp:attachment":[{"href":"https:\/\/mystifying-volhard.87-118-120-113.plesk.page\/index.php?rest_route=%2Fwp%2Fv2%2Fmedia&parent=47"}],"curies":[{"name":"wp","href":"https:\/\/api.w.org\/{rel}","templated":true}]}}

<div class="wp-block-group alignwide has-global-padding is-layout-constrained wp-block-group-is-layout-constrained">
<div class="wp-block-columns alignwide is-layout-flex wp-container-core-columns-is-layout-28f84493 wp-block-columns-is-layout-flex">
<div class="wp-block-column is-layout-flow wp-block-column-is-layout-flow">
<h2 class="wp-block-heading">Impressum</h2>



<p>Dr. med. Susanne Dennig<br>Natalie Rellecke</p>



<p>Gemeinschaftspraxis Wedel<br>Rosengarten 3<br>22880 Wedel</p>



<p>Tel.: 04103 / 86668<br>Fax: 04103 / 3607<br>E-Mail: info@gemeinschaftspraxis-wedel.de</p>



<p><strong>Inhaltlich verantwortlich gemäß § 18 Abs. 2 MStV:</strong><br>Susanne Dennig und Natalie Rellecke<br></p>



<p><strong>Zuständige Aufsichtsbehörden:</strong><br>Kassenärztliche Vereinigung Schleswig-Holstein<br>Bismarckallee 1-6<br>23795 Bad Segeberg<br>Tel.: 04551 883883<br><a href="http://www.kvsh.de" target="_blank" rel="noreferrer noopener">www.kvsh.de</a></p>



<p><strong>Zuständige Kammer:</strong><br>Ärztekammer Schleswig-Holstein<br>Bismarckallee 8-12<br>23795 Bad Segeberg<br>Tel.: 04551 8030<br><a href="https://www.aeksh.de" target="_blank" rel="noreferrer noopener">www.aeksh.de</a></p>



<p><strong>Berufsbezeichnung</strong><br>Arzt (verliehen in der Bundesrepublik Deutschland)</p>



<p><strong>Berufsrechtliche Regelungen</strong><br>Berufsordnung der Ärztekammer Schleswig-Holstein</p>



<p><strong>Zuständige Kassenärztliche Vereinigung:</strong><br>KV&nbsp;</p>



<p><strong>Haftungshinweis</strong><br>Wir sind für eigene Inhalte nach den allgemeinen Gesetzen verantwortlich. Für fremde Inhalte gelten die Haftungsprivilegien des DDG/DSA. Bei Kenntnis von Rechtsverletzungen entfernen wir betroffene Inhalte/Links unverzüglich.</p>



<p><strong>Hinweis nach § 36 VSBG</strong><br>Wir sind weder verpflichtet noch bereit, an Streitbeilegungsverfahren vor einer Verbraucherschlichtungsstelle teilzunehmen.</p>



<p><strong>Urheberrecht</strong><br>Die auf dieser Website veröffentlichten Inhalte unterliegen dem deutschen Urheberrecht. Jede Verwertung außerhalb der Grenzen des Urheberrechts bedarf der vorherigen schriftlichen Zustimmung des jeweiligen Rechteinhabers.</p>
</div>
</div>
</div>

<p>Impressum Dr. med. Susanne DennigNatalie Rellecke Gemeinschaftspraxis WedelRosengarten 322880 Wedel Tel.: 04103 / 86668Fax: 04103 / 3607E-Mail: info@gemeinschaftspraxis-wedel.de Inhaltlich verantwortlich gemäß § 18 Abs. 2 MStV:Susanne Dennig und Natalie Rellecke Zuständige Aufsichtsbehörden:Kassenärztliche Vereinigung Schleswig-HolsteinBismarckallee 1-623795 Bad SegebergTel.: 04551 883883www.kvsh.de Zuständige Kammer:Ärztekammer Schleswig-HolsteinBismarckallee 8-1223795 Bad SegebergTel.: 04551 8030www.aeksh.de BerufsbezeichnungArzt (verliehen in der Bundesrepublik Deutschland) Berufsrechtliche RegelungenBerufsordnung [&hellip;]</p>
