{"id":384,"date":"2026-03-08T16:36:01","date_gmt":"2026-03-08T16:36:01","guid":{"rendered":"https:\/\/mystifying-volhard.87-118-120-113.plesk.page\/?page_id=384"},"modified":"2026-03-08T18:39:49","modified_gmt":"2026-03-08T18:39:49","slug":"rellecke","status":"publish","type":"page","link":"https:\/\/mystifying-volhard.87-118-120-113.plesk.page\/?page_id=384","title":{"rendered":"rellecke"},"content":{"rendered":"\n<div class=\"wp-block-group alignwide has-global-padding is-layout-constrained wp-block-group-is-layout-constrained\">\n<div class=\"wp-block-columns alignwide is-layout-flex wp-container-core-columns-is-layout-28f84493 wp-block-columns-is-layout-flex\">\n<div class=\"wp-block-column is-layout-flow wp-block-column-is-layout-flow\">\n<div class=\"wp-block-group has-global-padding is-layout-constrained wp-block-group-is-layout-constrained\">\n<h2 class=\"wp-block-heading\">Fach\u00e4rztin f\u00fcr Innere Medizin, Fach\u00e4rztin f\u00fcr Allgemeinmedizin<br>Zusatzbezeichnung Geriatrie und Akupunktur<\/h2>\n\n\n\n<p>Studium an der Christian Albrechts Universit\u00e4t in Kiel 1995-2002<\/p>\n\n\n\n<p>Facharztausbildung:<\/p>\n\n\n\n<div class=\"wp-block-group has-global-padding is-content-justification-center is-layout-constrained wp-block-group-is-layout-constrained\">\n<figure class=\"wp-block-table fixe-tabelle\"><table style=\"border-style:none;border-width:0px\"><tbody><tr><td>2002-2007<\/td><td>Albertinen Krankenhaus in HH Schnelsen, Innere und Gastroenterologie Prof. Lock<\/td><\/tr><tr><td>2007-2009<\/td><td>Praxis Grabs, Hausarztpraxis, Jarrestr., HH Barmbek<\/td><\/tr><tr><td>2009<\/td><td>Praxis Dres. Ullmann\/Orthaus\/Raut, Haus\u00e4rzte, Weidenallee, HH Eimsb\u00fcttel<\/td><\/tr><tr><td>2010-2018<\/td><td>Kath. Marienkrankenhaus in HH Hohenfelde, Geriatrie, Dr. B\u00fchre\/ PD Dr. Kopf<\/td><\/tr><tr><td>Seit 2010<\/td><td>im fahrenden Notdienst der KV Hamburg t\u00e4tig<\/td><\/tr><tr><td>Seit April 2018<\/td><td>Gemeinschaftspraxis mit Dr. med. Susanne Dennig<\/td><\/tr><\/tbody><\/table><\/figure>\n<\/div>\n<\/div>\n<\/div>\n\n\n\n<div class=\"wp-block-column is-layout-flow wp-block-column-is-layout-flow\">\n<div class=\"wp-block-group has-global-padding is-layout-constrained wp-block-group-is-layout-constrained\">\n<figure class=\"wp-block-image size-full\"><img loading=\"lazy\" decoding=\"async\" width=\"600\" height=\"600\" src=\"https:\/\/mystifying-volhard.87-118-120-113.plesk.page\/wp-content\/uploads\/2026\/02\/gsteam-member-1.jpg\" alt=\"\" class=\"wp-image-300\" srcset=\"https:\/\/mystifying-volhard.87-118-120-113.plesk.page\/wp-content\/uploads\/2026\/02\/gsteam-member-1.jpg 600w, https:\/\/mystifying-volhard.87-118-120-113.plesk.page\/wp-content\/uploads\/2026\/02\/gsteam-member-1-300x300.jpg 300w, https:\/\/mystifying-volhard.87-118-120-113.plesk.page\/wp-content\/uploads\/2026\/02\/gsteam-member-1-150x150.jpg 150w\" sizes=\"auto, (max-width: 600px) 100vw, 600px\" \/><\/figure>\n<\/div>\n\n\n\n<h1 class=\"wp-block-heading\">Natalie Rellecke<\/h1>\n<\/div>\n<\/div>\n<\/div>\n","protected":false},"excerpt":{"rendered":"<p>Fach\u00e4rztin f\u00fcr Innere Medizin, Fach\u00e4rztin f\u00fcr AllgemeinmedizinZusatzbezeichnung Geriatrie und Akupunktur Studium an der Christian Albrechts Universit\u00e4t in Kiel 1995-2002 Facharztausbildung: 2002-2007 Albertinen Krankenhaus in HH Schnelsen, Innere und Gastroenterologie Prof. Lock 2007-2009 Praxis Grabs, Hausarztpraxis, Jarrestr., HH Barmbek 2009 Praxis Dres. Ullmann\/Orthaus\/Raut, Haus\u00e4rzte, Weidenallee, HH Eimsb\u00fcttel 2010-2018 Kath. Marienkrankenhaus in HH Hohenfelde, Geriatrie, Dr. B\u00fchre\/ [&hellip;]<\/p>\n","protected":false},"author":1,"featured_media":0,"parent":0,"menu_order":0,"comment_status":"closed","ping_status":"closed","template":"","meta":{"footnotes":""},"class_list":["post-384","page","type-page","status-publish","hentry"],"_links":{"self":[{"href":"https:\/\/mystifying-volhard.87-118-120-113.plesk.page\/index.php?rest_route=\/wp\/v2\/pages\/384","targetHints":{"allow":["GET"]}}],"collection":[{"href":"https:\/\/mystifying-volhard.87-118-120-113.plesk.page\/index.php?rest_route=\/wp\/v2\/pages"}],"about":[{"href":"https:\/\/mystifying-volhard.87-118-120-113.plesk.page\/index.php?rest_route=\/wp\/v2\/types\/page"}],"author":[{"embeddable":true,"href":"https:\/\/mystifying-volhard.87-118-120-113.plesk.page\/index.php?rest_route=\/wp\/v2\/users\/1"}],"replies":[{"embeddable":true,"href":"https:\/\/mystifying-volhard.87-118-120-113.plesk.page\/index.php?rest_route=%2Fwp%2Fv2%2Fcomments&post=384"}],"version-history":[{"count":8,"href":"https:\/\/mystifying-volhard.87-118-120-113.plesk.page\/index.php?rest_route=\/wp\/v2\/pages\/384\/revisions"}],"predecessor-version":[{"id":400,"href":"https:\/\/mystifying-volhard.87-118-120-113.plesk.page\/index.php?rest_route=\/wp\/v2\/pages\/384\/revisions\/400"}],"wp:attachment":[{"href":"https:\/\/mystifying-volhard.87-118-120-113.plesk.page\/index.php?rest_route=%2Fwp%2Fv2%2Fmedia&parent=384"}],"curies":[{"name":"wp","href":"https:\/\/api.w.org\/{rel}","templated":true}]}}

<div class="wp-block-group alignwide has-global-padding is-layout-constrained wp-block-group-is-layout-constrained">
<div class="wp-block-columns alignwide is-layout-flex wp-container-core-columns-is-layout-28f84493 wp-block-columns-is-layout-flex">
<div class="wp-block-column is-layout-flow wp-block-column-is-layout-flow">
<div class="wp-block-group has-global-padding is-layout-constrained wp-block-group-is-layout-constrained">
<h2 class="wp-block-heading">Fachärztin für Innere Medizin, Fachärztin für Allgemeinmedizin<br>Zusatzbezeichnung Geriatrie und Akupunktur</h2>



<p>Studium an der Christian Albrechts Universität in Kiel 1995-2002</p>



<p>Facharztausbildung:</p>



<div class="wp-block-group has-global-padding is-content-justification-center is-layout-constrained wp-block-group-is-layout-constrained">
<figure class="wp-block-table fixe-tabelle"><table style="border-style:none;border-width:0px"><tbody><tr><td>2002-2007</td><td>Albertinen Krankenhaus in HH Schnelsen, Innere und Gastroenterologie Prof. Lock</td></tr><tr><td>2007-2009</td><td>Praxis Grabs, Hausarztpraxis, Jarrestr., HH Barmbek</td></tr><tr><td>2009</td><td>Praxis Dres. Ullmann/Orthaus/Raut, Hausärzte, Weidenallee, HH Eimsbüttel</td></tr><tr><td>2010-2018</td><td>Kath. Marienkrankenhaus in HH Hohenfelde, Geriatrie, Dr. Bühre/ PD Dr. Kopf</td></tr><tr><td>Seit 2010</td><td>im fahrenden Notdienst der KV Hamburg tätig</td></tr><tr><td>Seit April 2018</td><td>Gemeinschaftspraxis mit Dr. med. Susanne Dennig</td></tr></tbody></table></figure>
</div>
</div>
</div>



<div class="wp-block-column is-layout-flow wp-block-column-is-layout-flow">
<div class="wp-block-group has-global-padding is-layout-constrained wp-block-group-is-layout-constrained">
<figure class="wp-block-image size-full"><img loading="lazy" decoding="async" width="600" height="600" src="https://mystifying-volhard.87-118-120-113.plesk.page/wp-content/uploads/2026/02/gsteam-member-1.jpg" alt="" class="wp-image-300" srcset="https://mystifying-volhard.87-118-120-113.plesk.page/wp-content/uploads/2026/02/gsteam-member-1.jpg 600w, https://mystifying-volhard.87-118-120-113.plesk.page/wp-content/uploads/2026/02/gsteam-member-1-300x300.jpg 300w, https://mystifying-volhard.87-118-120-113.plesk.page/wp-content/uploads/2026/02/gsteam-member-1-150x150.jpg 150w" sizes="auto, (max-width: 600px) 100vw, 600px" /></figure>
</div>



<h1 class="wp-block-heading">Natalie Rellecke</h1>
</div>
</div>
</div>

<p>Fachärztin für Innere Medizin, Fachärztin für AllgemeinmedizinZusatzbezeichnung Geriatrie und Akupunktur Studium an der Christian Albrechts Universität in Kiel 1995-2002 Facharztausbildung: 2002-2007 Albertinen Krankenhaus in HH Schnelsen, Innere und Gastroenterologie Prof. Lock 2007-2009 Praxis Grabs, Hausarztpraxis, Jarrestr., HH Barmbek 2009 Praxis Dres. Ullmann/Orthaus/Raut, Hausärzte, Weidenallee, HH Eimsbüttel 2010-2018 Kath. Marienkrankenhaus in HH Hohenfelde, Geriatrie, Dr. Bühre/ [&hellip;]</p>
