{"id":372,"date":"2026-03-08T16:22:35","date_gmt":"2026-03-08T16:22:35","guid":{"rendered":"https:\/\/mystifying-volhard.87-118-120-113.plesk.page\/?page_id=372"},"modified":"2026-03-08T18:13:28","modified_gmt":"2026-03-08T18:13:28","slug":"dennig","status":"publish","type":"page","link":"https:\/\/mystifying-volhard.87-118-120-113.plesk.page\/?page_id=372","title":{"rendered":"dennig"},"content":{"rendered":"\n<div class=\"wp-block-group alignwide has-global-padding is-layout-constrained wp-block-group-is-layout-constrained\">\n<div class=\"wp-block-columns alignwide is-layout-flex wp-container-core-columns-is-layout-28f84493 wp-block-columns-is-layout-flex\">\n<div class=\"wp-block-column is-layout-flow wp-block-column-is-layout-flow\">\n<div class=\"wp-block-group has-global-padding is-layout-constrained wp-block-group-is-layout-constrained\">\n<h2 class=\"wp-block-heading\">Fach\u00e4rztin f\u00fcr Innere Medizin, Diabetologische, Psychosomatische und Geriatrische Grundversorgung<\/h2>\n\n\n\n<p>Studium der Humanmedizin und Promotion an der Medizinischen Universit\u00e4t L\u00fcbeck 1996 &#8211; 2003 mit Auslandsaufenthalten in Townsville\/Australien, Uster\/Schweiz, London\/Gro\u00dfbritannien<\/p>\n\n\n\n<p>Facharztausbildung in den Kliniken Essen S\u00fcd 2004 -2012:<\/p>\n\n\n\n<ul class=\"wp-block-list\">\n<li>Innere Medizin und Kardiologie<\/li>\n\n\n\n<li>Gastroenterologie und Stoffwechselerkrankungen<\/li>\n\n\n\n<li>H\u00e4matologie, Onkologie und Stammzelltransplantation<\/li>\n\n\n\n<li>Rheumatologie und Immunologie<\/li>\n\n\n\n<li>Intensivmedizin<\/li>\n<\/ul>\n\n\n\n<p>Fernlehrgang Betriebswirtschaft im Krankenhaus an der Universit\u00e4t Erlangen-N\u00fcrnberg 2005-2006<\/p>\n\n\n\n<p>Praxisvertretung und Notdienste im Kreis Pinneberg 2013<\/p>\n\n\n\n<p>2014 bis 2018 Gemeinschaftspraxis Wedel mit Dr. Wiegand Postelt<\/p>\n\n\n\n<p>seit April 2018 Gemeinschaftspraxis Wedel mit Natalie Rellecke<\/p>\n<\/div>\n<\/div>\n\n\n\n<div class=\"wp-block-column is-layout-flow wp-block-column-is-layout-flow\">\n<div class=\"wp-block-group has-global-padding is-layout-constrained wp-block-group-is-layout-constrained\">\n<figure class=\"wp-block-image size-full\"><img loading=\"lazy\" decoding=\"async\" width=\"600\" height=\"600\" src=\"https:\/\/mystifying-volhard.87-118-120-113.plesk.page\/wp-content\/uploads\/2026\/02\/gsteam-member-5.jpg\" alt=\"\" class=\"wp-image-304\" srcset=\"https:\/\/mystifying-volhard.87-118-120-113.plesk.page\/wp-content\/uploads\/2026\/02\/gsteam-member-5.jpg 600w, https:\/\/mystifying-volhard.87-118-120-113.plesk.page\/wp-content\/uploads\/2026\/02\/gsteam-member-5-300x300.jpg 300w, https:\/\/mystifying-volhard.87-118-120-113.plesk.page\/wp-content\/uploads\/2026\/02\/gsteam-member-5-150x150.jpg 150w\" sizes=\"auto, (max-width: 600px) 100vw, 600px\" \/><\/figure>\n<\/div>\n\n\n\n<h1 class=\"wp-block-heading\">Dr. med. Susanne Dennig<\/h1>\n<\/div>\n<\/div>\n<\/div>\n","protected":false},"excerpt":{"rendered":"<p>Fach\u00e4rztin f\u00fcr Innere Medizin, Diabetologische, Psychosomatische und Geriatrische Grundversorgung Studium der Humanmedizin und Promotion an der Medizinischen Universit\u00e4t L\u00fcbeck 1996 &#8211; 2003 mit Auslandsaufenthalten in Townsville\/Australien, Uster\/Schweiz, London\/Gro\u00dfbritannien Facharztausbildung in den Kliniken Essen S\u00fcd 2004 -2012: Fernlehrgang Betriebswirtschaft im Krankenhaus an der Universit\u00e4t Erlangen-N\u00fcrnberg 2005-2006 Praxisvertretung und Notdienste im Kreis Pinneberg 2013 2014 bis 2018 [&hellip;]<\/p>\n","protected":false},"author":1,"featured_media":0,"parent":0,"menu_order":0,"comment_status":"closed","ping_status":"closed","template":"","meta":{"footnotes":""},"class_list":["post-372","page","type-page","status-publish","hentry"],"_links":{"self":[{"href":"https:\/\/mystifying-volhard.87-118-120-113.plesk.page\/index.php?rest_route=\/wp\/v2\/pages\/372","targetHints":{"allow":["GET"]}}],"collection":[{"href":"https:\/\/mystifying-volhard.87-118-120-113.plesk.page\/index.php?rest_route=\/wp\/v2\/pages"}],"about":[{"href":"https:\/\/mystifying-volhard.87-118-120-113.plesk.page\/index.php?rest_route=\/wp\/v2\/types\/page"}],"author":[{"embeddable":true,"href":"https:\/\/mystifying-volhard.87-118-120-113.plesk.page\/index.php?rest_route=\/wp\/v2\/users\/1"}],"replies":[{"embeddable":true,"href":"https:\/\/mystifying-volhard.87-118-120-113.plesk.page\/index.php?rest_route=%2Fwp%2Fv2%2Fcomments&post=372"}],"version-history":[{"count":7,"href":"https:\/\/mystifying-volhard.87-118-120-113.plesk.page\/index.php?rest_route=\/wp\/v2\/pages\/372\/revisions"}],"predecessor-version":[{"id":394,"href":"https:\/\/mystifying-volhard.87-118-120-113.plesk.page\/index.php?rest_route=\/wp\/v2\/pages\/372\/revisions\/394"}],"wp:attachment":[{"href":"https:\/\/mystifying-volhard.87-118-120-113.plesk.page\/index.php?rest_route=%2Fwp%2Fv2%2Fmedia&parent=372"}],"curies":[{"name":"wp","href":"https:\/\/api.w.org\/{rel}","templated":true}]}}

<div class="wp-block-group alignwide has-global-padding is-layout-constrained wp-block-group-is-layout-constrained">
<div class="wp-block-columns alignwide is-layout-flex wp-container-core-columns-is-layout-28f84493 wp-block-columns-is-layout-flex">
<div class="wp-block-column is-layout-flow wp-block-column-is-layout-flow">
<div class="wp-block-group has-global-padding is-layout-constrained wp-block-group-is-layout-constrained">
<h2 class="wp-block-heading">Fachärztin für Innere Medizin, Diabetologische, Psychosomatische und Geriatrische Grundversorgung</h2>



<p>Studium der Humanmedizin und Promotion an der Medizinischen Universität Lübeck 1996 &#8211; 2003 mit Auslandsaufenthalten in Townsville/Australien, Uster/Schweiz, London/Großbritannien</p>



<p>Facharztausbildung in den Kliniken Essen Süd 2004 -2012:</p>



<ul class="wp-block-list">
<li>Innere Medizin und Kardiologie</li>



<li>Gastroenterologie und Stoffwechselerkrankungen</li>



<li>Hämatologie, Onkologie und Stammzelltransplantation</li>



<li>Rheumatologie und Immunologie</li>



<li>Intensivmedizin</li>
</ul>



<p>Fernlehrgang Betriebswirtschaft im Krankenhaus an der Universität Erlangen-Nürnberg 2005-2006</p>



<p>Praxisvertretung und Notdienste im Kreis Pinneberg 2013</p>



<p>2014 bis 2018 Gemeinschaftspraxis Wedel mit Dr. Wiegand Postelt</p>



<p>seit April 2018 Gemeinschaftspraxis Wedel mit Natalie Rellecke</p>
</div>
</div>



<div class="wp-block-column is-layout-flow wp-block-column-is-layout-flow">
<div class="wp-block-group has-global-padding is-layout-constrained wp-block-group-is-layout-constrained">
<figure class="wp-block-image size-full"><img loading="lazy" decoding="async" width="600" height="600" src="https://mystifying-volhard.87-118-120-113.plesk.page/wp-content/uploads/2026/02/gsteam-member-5.jpg" alt="" class="wp-image-304" srcset="https://mystifying-volhard.87-118-120-113.plesk.page/wp-content/uploads/2026/02/gsteam-member-5.jpg 600w, https://mystifying-volhard.87-118-120-113.plesk.page/wp-content/uploads/2026/02/gsteam-member-5-300x300.jpg 300w, https://mystifying-volhard.87-118-120-113.plesk.page/wp-content/uploads/2026/02/gsteam-member-5-150x150.jpg 150w" sizes="auto, (max-width: 600px) 100vw, 600px" /></figure>
</div>



<h1 class="wp-block-heading">Dr. med. Susanne Dennig</h1>
</div>
</div>
</div>

<p>Fachärztin für Innere Medizin, Diabetologische, Psychosomatische und Geriatrische Grundversorgung Studium der Humanmedizin und Promotion an der Medizinischen Universität Lübeck 1996 &#8211; 2003 mit Auslandsaufenthalten in Townsville/Australien, Uster/Schweiz, London/Großbritannien Facharztausbildung in den Kliniken Essen Süd 2004 -2012: Fernlehrgang Betriebswirtschaft im Krankenhaus an der Universität Erlangen-Nürnberg 2005-2006 Praxisvertretung und Notdienste im Kreis Pinneberg 2013 2014 bis 2018 [&hellip;]</p>
