{"id":17,"date":"2026-02-27T08:18:08","date_gmt":"2026-02-27T08:18:08","guid":{"rendered":"https:\/\/mystifying-volhard.87-118-120-113.plesk.page\/?page_id=17"},"modified":"2026-03-23T09:49:36","modified_gmt":"2026-03-23T09:49:36","slug":"das-team","status":"publish","type":"page","link":"https:\/\/mystifying-volhard.87-118-120-113.plesk.page\/?page_id=17","title":{"rendered":"praxis_team"},"content":{"rendered":"\n<div class=\"wp-block-group alignwide is-style-default has-global-padding is-content-justification-center is-layout-constrained wp-block-group-is-layout-constrained\">\n<div class=\"wp-block-columns alignwide is-layout-flex wp-container-core-columns-is-layout-9c22b1e3 wp-block-columns-is-layout-flex\">\n<div class=\"wp-block-column is-layout-flow wp-container-core-column-is-layout-8a368f38 wp-block-column-is-layout-flow\" style=\"flex-basis:100%\">\n<div class=\"wp-block-cover alignwide is-light has-aspect-ratio\" style=\"margin-top:0;margin-bottom:0;padding-top:0;padding-right:0;padding-bottom:0;padding-left:0;aspect-ratio:16\/9;min-height:unset;\"><img loading=\"lazy\" decoding=\"async\" width=\"1200\" height=\"621\" class=\"wp-block-cover__image-background wp-image-586 size-full\" alt=\"\" src=\"https:\/\/mystifying-volhard.87-118-120-113.plesk.page\/wp-content\/uploads\/2026\/03\/postelt_dennig_team_gr.jpg\" style=\"object-position:50% 53%\" data-object-fit=\"cover\" data-object-position=\"50% 53%\" srcset=\"https:\/\/mystifying-volhard.87-118-120-113.plesk.page\/wp-content\/uploads\/2026\/03\/postelt_dennig_team_gr.jpg 1200w, https:\/\/mystifying-volhard.87-118-120-113.plesk.page\/wp-content\/uploads\/2026\/03\/postelt_dennig_team_gr-300x155.jpg 300w, https:\/\/mystifying-volhard.87-118-120-113.plesk.page\/wp-content\/uploads\/2026\/03\/postelt_dennig_team_gr-1024x530.jpg 1024w, https:\/\/mystifying-volhard.87-118-120-113.plesk.page\/wp-content\/uploads\/2026\/03\/postelt_dennig_team_gr-768x397.jpg 768w\" sizes=\"auto, (max-width: 1200px) 100vw, 1200px\" \/><span aria-hidden=\"true\" class=\"wp-block-cover__background has-background-dim\" style=\"background-color:#c8c3c1\"><\/span><div class=\"wp-block-cover__inner-container has-global-padding is-layout-constrained wp-container-core-cover-is-layout-5c53b157 wp-block-cover-is-layout-constrained\">\n<h2 class=\"wp-block-heading alignwide has-text-align-left is-style-default has-accent-4-color has-text-color has-link-color wp-elements-4c9a2798ef913beb7216122bb0da4f7d\" style=\"border-style:none;border-width:0px;padding-top:0;padding-right:0;padding-bottom:var(--wp--preset--spacing--80);padding-left:var(--wp--preset--spacing--80)\">Unser Team<br>in der Gemeinschaftspraxis Wedel<\/h2>\n<\/div><\/div>\n<\/div>\n<\/div>\n<\/div>\n\n\n\n\n\n<div class=\"wp-block-group alignfull has-accent-5-background-color has-background has-global-padding is-layout-constrained wp-container-core-group-is-layout-ec7466e4 wp-block-group-is-layout-constrained\" style=\"margin-top:0;margin-bottom:0;padding-top:var(--wp--preset--spacing--20);padding-right:var(--wp--preset--spacing--50);padding-bottom:var(--wp--preset--spacing--20);padding-left:var(--wp--preset--spacing--50)\">\n<div class=\"wp-block-group alignwide is-style-section-1 has-global-padding is-layout-constrained wp-container-core-group-is-layout-0a8bad72 wp-block-group-is-layout-constrained is-style-section-1--1\" style=\"margin-top:0;margin-bottom:0;padding-top:var(--wp--preset--spacing--50);padding-right:0;padding-bottom:var(--wp--preset--spacing--50);padding-left:0\">\n<div class=\"wp-block-columns alignwide is-layout-flex wp-container-core-columns-is-layout-ef06f3fc wp-block-columns-is-layout-flex\">\n<div class=\"wp-block-column is-layout-flow wp-block-column-is-layout-flow\">\n<figure class=\"wp-block-image size-full\" style=\"margin-bottom:24px\"><a href=\"https:\/\/mystifying-volhard.87-118-120-113.plesk.page\/?page_id=372\"><img loading=\"lazy\" decoding=\"async\" width=\"600\" height=\"600\" src=\"https:\/\/mystifying-volhard.87-118-120-113.plesk.page\/wp-content\/uploads\/2026\/02\/gsteam-member-5.jpg\" alt=\"\" class=\"wp-image-304\" style=\"aspect-ratio:4\/3;object-fit:cover\" srcset=\"https:\/\/mystifying-volhard.87-118-120-113.plesk.page\/wp-content\/uploads\/2026\/02\/gsteam-member-5.jpg 600w, https:\/\/mystifying-volhard.87-118-120-113.plesk.page\/wp-content\/uploads\/2026\/02\/gsteam-member-5-300x300.jpg 300w, https:\/\/mystifying-volhard.87-118-120-113.plesk.page\/wp-content\/uploads\/2026\/02\/gsteam-member-5-150x150.jpg 150w\" sizes=\"auto, (max-width: 600px) 100vw, 600px\" \/><\/a><\/figure>\n\n\n\n<h3 class=\"wp-block-heading\"><a href=\"https:\/\/mystifying-volhard.87-118-120-113.plesk.page\/?page_id=372\" data-type=\"page\" data-id=\"372\">Dr. med. Susanne Dennig<\/a><\/h3>\n\n\n\n<p class=\"has-medium-font-size\">Fach\u00e4rztin f\u00fcr Innere Medizin<\/p>\n<\/div>\n\n\n\n<div class=\"wp-block-column has-global-padding is-content-justification-right is-layout-constrained wp-container-core-column-is-layout-f1f2ed93 wp-block-column-is-layout-constrained\">\n<figure class=\"wp-block-image size-full\" style=\"margin-bottom:24px\"><a href=\"https:\/\/mystifying-volhard.87-118-120-113.plesk.page\/?page_id=384\"><img loading=\"lazy\" decoding=\"async\" width=\"600\" height=\"600\" src=\"https:\/\/mystifying-volhard.87-118-120-113.plesk.page\/wp-content\/uploads\/2026\/02\/gsteam-member-1.jpg\" alt=\"\" class=\"wp-image-300\" style=\"aspect-ratio:4\/3;object-fit:cover\" srcset=\"https:\/\/mystifying-volhard.87-118-120-113.plesk.page\/wp-content\/uploads\/2026\/02\/gsteam-member-1.jpg 600w, https:\/\/mystifying-volhard.87-118-120-113.plesk.page\/wp-content\/uploads\/2026\/02\/gsteam-member-1-300x300.jpg 300w, https:\/\/mystifying-volhard.87-118-120-113.plesk.page\/wp-content\/uploads\/2026\/02\/gsteam-member-1-150x150.jpg 150w\" sizes=\"auto, (max-width: 600px) 100vw, 600px\" \/><\/a><\/figure>\n\n\n\n<h3 class=\"wp-block-heading\"><a href=\"https:\/\/mystifying-volhard.87-118-120-113.plesk.page\/?page_id=384\" data-type=\"page\" data-id=\"384\">Natalie Rellecke<\/a><\/h3>\n\n\n\n<p class=\"has-medium-font-size\">Fach\u00e4rztin f\u00fcr Allgemeinmedizin und Innere Medizin<\/p>\n<\/div>\n<\/div>\n<\/div>\n<\/div>\n\n\n\n<div class=\"wp-block-group alignwide is-style-default has-global-padding is-layout-constrained wp-container-core-group-is-layout-e21e8193 wp-block-group-is-layout-constrained\" style=\"margin-top:0;margin-bottom:0;padding-top:var(--wp--preset--spacing--50);padding-right:0;padding-bottom:var(--wp--preset--spacing--50);padding-left:0\">\n<div class=\"wp-block-columns alignwide is-layout-flex wp-container-core-columns-is-layout-7fc3d43a wp-block-columns-is-layout-flex\">\n<div class=\"wp-block-column is-layout-flow wp-block-column-is-layout-flow\">\n<figure class=\"wp-block-image size-full\" style=\"margin-top:0;margin-bottom:24px\"><img loading=\"lazy\" decoding=\"async\" width=\"600\" height=\"600\" src=\"https:\/\/mystifying-volhard.87-118-120-113.plesk.page\/wp-content\/uploads\/2026\/02\/gsteam-member-flip-4.jpg\" alt=\"\" class=\"wp-image-309\" style=\"aspect-ratio:4\/3;object-fit:cover\" srcset=\"https:\/\/mystifying-volhard.87-118-120-113.plesk.page\/wp-content\/uploads\/2026\/02\/gsteam-member-flip-4.jpg 600w, https:\/\/mystifying-volhard.87-118-120-113.plesk.page\/wp-content\/uploads\/2026\/02\/gsteam-member-flip-4-300x300.jpg 300w, https:\/\/mystifying-volhard.87-118-120-113.plesk.page\/wp-content\/uploads\/2026\/02\/gsteam-member-flip-4-150x150.jpg 150w\" sizes=\"auto, (max-width: 600px) 100vw, 600px\" \/><\/figure>\n\n\n\n<h3 class=\"wp-block-heading\">Daniela Neumerkel<\/h3>\n\n\n\n<p class=\"has-medium-font-size\">Medizinische Fachangestellte (MFA)<\/p>\n<\/div>\n\n\n\n<div class=\"wp-block-column is-layout-flow wp-block-column-is-layout-flow\">\n<figure class=\"wp-block-image size-full\" style=\"margin-bottom:24px\"><img loading=\"lazy\" decoding=\"async\" width=\"600\" height=\"600\" src=\"https:\/\/mystifying-volhard.87-118-120-113.plesk.page\/wp-content\/uploads\/2026\/02\/gsteam-member-flip-5.jpg\" alt=\"\" class=\"wp-image-310\" style=\"aspect-ratio:4\/3;object-fit:cover\" srcset=\"https:\/\/mystifying-volhard.87-118-120-113.plesk.page\/wp-content\/uploads\/2026\/02\/gsteam-member-flip-5.jpg 600w, https:\/\/mystifying-volhard.87-118-120-113.plesk.page\/wp-content\/uploads\/2026\/02\/gsteam-member-flip-5-300x300.jpg 300w, https:\/\/mystifying-volhard.87-118-120-113.plesk.page\/wp-content\/uploads\/2026\/02\/gsteam-member-flip-5-150x150.jpg 150w\" sizes=\"auto, (max-width: 600px) 100vw, 600px\" \/><\/figure>\n\n\n\n<h3 class=\"wp-block-heading\">Ay\u015fe Ko\u00e7ak<\/h3>\n\n\n\n<p class=\"has-medium-font-size\">Medizinische Fachangestellte (MFA)<\/p>\n<\/div>\n\n\n\n<div class=\"wp-block-column is-layout-flow wp-block-column-is-layout-flow\">\n<figure class=\"wp-block-image size-full\" style=\"margin-bottom:24px\"><img loading=\"lazy\" decoding=\"async\" width=\"600\" height=\"600\" src=\"https:\/\/mystifying-volhard.87-118-120-113.plesk.page\/wp-content\/uploads\/2026\/02\/gsteam-member-flip-1.jpg\" alt=\"\" class=\"wp-image-306\" style=\"aspect-ratio:4\/3;object-fit:cover\" srcset=\"https:\/\/mystifying-volhard.87-118-120-113.plesk.page\/wp-content\/uploads\/2026\/02\/gsteam-member-flip-1.jpg 600w, https:\/\/mystifying-volhard.87-118-120-113.plesk.page\/wp-content\/uploads\/2026\/02\/gsteam-member-flip-1-300x300.jpg 300w, https:\/\/mystifying-volhard.87-118-120-113.plesk.page\/wp-content\/uploads\/2026\/02\/gsteam-member-flip-1-150x150.jpg 150w\" sizes=\"auto, (max-width: 600px) 100vw, 600px\" \/><\/figure>\n\n\n\n<h3 class=\"wp-block-heading\">Sandra L\u00f3pez-Hensel<\/h3>\n\n\n\n<p class=\"has-medium-font-size\">Medizinische Fachangestellte (MFA)<\/p>\n<\/div>\n<\/div>\n\n\n\n<div style=\"height:53px\" aria-hidden=\"true\" class=\"wp-block-spacer\"><\/div>\n<\/div>\n\n\n\n<div class=\"wp-block-group alignwide is-style-default has-global-padding is-layout-constrained wp-container-core-group-is-layout-e21e8193 wp-block-group-is-layout-constrained\" style=\"margin-top:0;margin-bottom:0;padding-top:var(--wp--preset--spacing--50);padding-right:0;padding-bottom:var(--wp--preset--spacing--50);padding-left:0\">\n<div class=\"wp-block-columns alignwide is-layout-flex wp-container-core-columns-is-layout-edc8f797 wp-block-columns-is-layout-flex\" style=\"margin-top:0;margin-bottom:0;padding-right:0;padding-left:0\">\n<div class=\"wp-block-column is-layout-flow wp-block-column-is-layout-flow\">\n<figure class=\"wp-block-image size-full\"><img loading=\"lazy\" decoding=\"async\" width=\"600\" height=\"600\" src=\"https:\/\/mystifying-volhard.87-118-120-113.plesk.page\/wp-content\/uploads\/2026\/02\/gsteam-member-2.jpg\" alt=\"\" class=\"wp-image-301\" style=\"aspect-ratio:4\/3;object-fit:cover\" srcset=\"https:\/\/mystifying-volhard.87-118-120-113.plesk.page\/wp-content\/uploads\/2026\/02\/gsteam-member-2.jpg 600w, https:\/\/mystifying-volhard.87-118-120-113.plesk.page\/wp-content\/uploads\/2026\/02\/gsteam-member-2-300x300.jpg 300w, https:\/\/mystifying-volhard.87-118-120-113.plesk.page\/wp-content\/uploads\/2026\/02\/gsteam-member-2-150x150.jpg 150w\" sizes=\"auto, (max-width: 600px) 100vw, 600px\" \/><\/figure>\n\n\n\n<h3 class=\"wp-block-heading\">Vian Koulin<\/h3>\n\n\n\n<p class=\"has-medium-font-size\">Medizinische Angestellte (MA)<\/p>\n<\/div>\n\n\n\n<div class=\"wp-block-column is-layout-flow wp-block-column-is-layout-flow\">\n<figure class=\"wp-block-image size-full\" style=\"margin-bottom:24px\"><img loading=\"lazy\" decoding=\"async\" width=\"600\" height=\"600\" src=\"https:\/\/mystifying-volhard.87-118-120-113.plesk.page\/wp-content\/uploads\/2026\/02\/gsteam-member-4.jpg\" alt=\"\" class=\"wp-image-303\" style=\"aspect-ratio:4\/3;object-fit:cover\" srcset=\"https:\/\/mystifying-volhard.87-118-120-113.plesk.page\/wp-content\/uploads\/2026\/02\/gsteam-member-4.jpg 600w, https:\/\/mystifying-volhard.87-118-120-113.plesk.page\/wp-content\/uploads\/2026\/02\/gsteam-member-4-300x300.jpg 300w, https:\/\/mystifying-volhard.87-118-120-113.plesk.page\/wp-content\/uploads\/2026\/02\/gsteam-member-4-150x150.jpg 150w\" sizes=\"auto, (max-width: 600px) 100vw, 600px\" \/><\/figure>\n\n\n\n<h3 class=\"wp-block-heading\">Ingrid Schadt<\/h3>\n\n\n\n<p class=\"has-medium-font-size\">Medizinische Fachangestellte (MFA)<\/p>\n<\/div>\n\n\n\n<div class=\"wp-block-column is-layout-flow wp-block-column-is-layout-flow\">\n<figure class=\"wp-block-image size-full\" style=\"margin-bottom:24px\"><img loading=\"lazy\" decoding=\"async\" width=\"600\" height=\"600\" src=\"https:\/\/mystifying-volhard.87-118-120-113.plesk.page\/wp-content\/uploads\/2026\/02\/gsteam-member-flip-6.jpg\" alt=\"\" class=\"wp-image-311\" style=\"aspect-ratio:4\/3;object-fit:cover\" srcset=\"https:\/\/mystifying-volhard.87-118-120-113.plesk.page\/wp-content\/uploads\/2026\/02\/gsteam-member-flip-6.jpg 600w, https:\/\/mystifying-volhard.87-118-120-113.plesk.page\/wp-content\/uploads\/2026\/02\/gsteam-member-flip-6-300x300.jpg 300w, https:\/\/mystifying-volhard.87-118-120-113.plesk.page\/wp-content\/uploads\/2026\/02\/gsteam-member-flip-6-150x150.jpg 150w\" sizes=\"auto, (max-width: 600px) 100vw, 600px\" \/><\/figure>\n\n\n\n<h3 class=\"wp-block-heading\">Julia Broyer<\/h3>\n\n\n\n<p class=\"has-medium-font-size\">Medizinische Fachangestellte (MFA)<\/p>\n<\/div>\n<\/div>\n\n\n\n<div style=\"height:53px\" aria-hidden=\"true\" class=\"wp-block-spacer\"><\/div>\n<\/div>\n","protected":false},"excerpt":{"rendered":"<p>Unser kleines Team besteht aus engagierten, detailorientierten Menschen, die sich f\u00fcr ihre Kunden begeistern. Dr. med. Susanne Dennig Fach\u00e4rztin f\u00fcr Innere Medizin Natalie Rellecke Fach\u00e4rztin f\u00fcr Allgemeinmedizin und Innere Medizin Daniela Neumerkel Medizinische Fachangestellte (MFA) Ay\u015fe Ko\u00e7ak Medizinische Fachangestellte (MFA) Sandra L\u00f3pez-Hensel Medizinische Fachangestellte (MFA) Vian Koulin Medizinische Angestellte (MA) Ingrid Schadt Medizinische Fachangestellte (MFA) [&hellip;]<\/p>\n","protected":false},"author":1,"featured_media":0,"parent":0,"menu_order":0,"comment_status":"closed","ping_status":"closed","template":"","meta":{"footnotes":""},"class_list":["post-17","page","type-page","status-publish","hentry"],"_links":{"self":[{"href":"https:\/\/mystifying-volhard.87-118-120-113.plesk.page\/index.php?rest_route=\/wp\/v2\/pages\/17","targetHints":{"allow":["GET"]}}],"collection":[{"href":"https:\/\/mystifying-volhard.87-118-120-113.plesk.page\/index.php?rest_route=\/wp\/v2\/pages"}],"about":[{"href":"https:\/\/mystifying-volhard.87-118-120-113.plesk.page\/index.php?rest_route=\/wp\/v2\/types\/page"}],"author":[{"embeddable":true,"href":"https:\/\/mystifying-volhard.87-118-120-113.plesk.page\/index.php?rest_route=\/wp\/v2\/users\/1"}],"replies":[{"embeddable":true,"href":"https:\/\/mystifying-volhard.87-118-120-113.plesk.page\/index.php?rest_route=%2Fwp%2Fv2%2Fcomments&post=17"}],"version-history":[{"count":108,"href":"https:\/\/mystifying-volhard.87-118-120-113.plesk.page\/index.php?rest_route=\/wp\/v2\/pages\/17\/revisions"}],"predecessor-version":[{"id":624,"href":"https:\/\/mystifying-volhard.87-118-120-113.plesk.page\/index.php?rest_route=\/wp\/v2\/pages\/17\/revisions\/624"}],"wp:attachment":[{"href":"https:\/\/mystifying-volhard.87-118-120-113.plesk.page\/index.php?rest_route=%2Fwp%2Fv2%2Fmedia&parent=17"}],"curies":[{"name":"wp","href":"https:\/\/api.w.org\/{rel}","templated":true}]}}